 45. What are the prime factors of t?
2, 17
Suppose -130*o + 16172 = -129*o. List the prime factors of o.
2, 13, 311
Let d be (-1 - -3) + (0 - 2) + 0. Let h(t) = t**3 - t + 385. Let b be h(d). Let c = 624 - b. What are the prime factors of c?
239
Let v = 42384 + -26707. Suppose -v = -38*u + 5071. List the prime factors of u.
2, 3, 7, 13
Suppose 150 = -8*c + 150. Suppose h + h + 3*g - 1640 = c, 0 = h - 4*g - 809. What are the prime factors of h?
19, 43
Suppose -4*f - 4*g + 26084 = 0, -2*g + 7*g + 32625 = 5*f. List the prime factors of f.
11, 593
Suppose -20 + 2 = -9*t. Suppose 1 = y + t*q, 0 = 4*y + 3*q - q + 8. Let r(s) = -7*s**3 - s**2 + 2*s - 2. What are the prime factors of r(y)?
2, 43
Let m(i) = -i**2 - 4*i - i + 2*i + 2 + 0*i. Let l be m(2). What are the prime factors of l/52 - (-6352)/52?
2, 61
Suppose -26*a = -23053 - 19483. Suppose -304 + a = 6*c. What are the prime factors of c?
2, 3, 37
Suppose -9*o = -10*o + 3. Suppose o*n - 5*h - 135 = 0, n - 5*h = -0*n + 45. What are the prime factors of (n/(-60))/(2/(-152))?
3, 19
Suppose -3*u = -x - 29, 5*u - u - 47 = 3*x. Let d(z) = -13 + 6 + 84*z**2 + 9*z**2 + 2*z + u. List the prime factors of d(-1).
2, 23
Let m be 490/15 + -2 + (-21)/(-9). Let t = m + -27. Suppose t*q = 12 + 84. List the prime factors of q.
2
Let s(z) = z**3 + 14*z**2 + 24*z + 107. Let t be s(-8). Suppose -c + 0*c = -11. Suppose -c = -2*v + t. What are the prime factors of v?
5, 31
Let m = -71 - -71. Suppose -z + 1208 - 266 = d, m = -5*z + d + 4704. What are the prime factors of z?
941
What are the prime factors of 8772 - (-41 - 1)/(-14)?
3, 37, 79
Suppose -413*c + 459*c = 1233950. What are the prime factors of c?
5, 29, 37
List the prime factors of -10 + (-12)/(-8)*40744/3.
2, 10181
Let p be (-14*(-2)/4)/(-1). Let k = -5 - p. Suppose -788 = -4*w - k*b, -2*b = -2*w - w + 577. What are the prime factors of w?
3, 5, 13
Suppose -3*y - 4*m = -y - 20, m = -2*y + 8. Suppose -y*c = -c + 4*c. Suppose w + 2*d + c*d = 12, 3*d - 24 = -3*w. What are the prime factors of w?
2
Suppose 0 = -49*c + 243*c - 5398664 - 7739404. What are the prime factors of c?
2, 3, 11287
Let y(a) = -2*a**2 + 3*a + 8. Let o(v) = 6*v**2 - 8*v - 23. Let u(s) = -2*o(s) - 7*y(s). Let t = 7 - 12. What are the prime factors of u(t)?
5, 13
Let z(y) = 9*y**2 + 2*y + 3. Let a be z(-2). Let g = -34 + a. What are the prime factors of ((-17)/3)/(2/((-36)/g))?
2, 3, 17
Suppose a = 4, -11*j - 2*a = -15*j + 58656. List the prime factors of j.
2, 7333
Let w be (-210)/4*80/60. Let d = -59 - w. Let m(x) = x**3 - 12*x**2 + 12*x + 10. What are the prime factors of m(d)?
3, 7
Let j(s) = -5*s**2 + 6*s - 39. Let m be j(-13). Let p = -49 - m. List the prime factors of p.
11, 83
Suppose -b + 0*b + 5*a = -14, 8 = -4*a. Suppose -5*c - b*w = -1330 - 3883, 3*w = 6. List the prime factors of c.
3, 347
Suppose -3*b + 5*v + 219571 = 0, -10*v + 6*v - 73188 = -b. What are the prime factors of (-6)/10 - b/(-70)?
5, 11, 19
Let t = -142 - -141. Let d(c) = -75*c**3 - c**2 - 1. What are the prime factors of d(t)?
73
Let a = 137 - 130. Let o be (-714)/a*-3*2/3. Suppose 3*z - 9*z + o = 0. What are the prime factors of z?
2, 17
Let o = 9107 - -18328. List the prime factors of o.
3, 5, 31, 59
Let s(j) = -4*j - j + j - 18. Let q be s(-5). What are the prime factors of 7/q*32/4?
2, 7
Let b = -16 - -20. Let d(s) = 4*s**3 - 6*s**2 + 6*s. Let j be d(b). Suppose -n + 3*n = 4*l - j, -5*l = 3*n - 219. List the prime factors of l.
3, 5
Suppose 42*o - 11466 = 18*o - 15*o. List the prime factors of o.
2, 3, 7
Suppose -3 = t - 0*t + 3*p, 3*t + p - 7 = 0. Suppose t*s - 55 = 4*s. Let i = -27 - s. List the prime factors of i.
2, 7
Let l be (-1)/4 - ((-17550)/24)/13. Let f = -51 + l. Let g(x) = x**3 - x**2 - 8*x + 10. List the prime factors of g(f).
2, 5, 7
Let w = 21175 - 12220. What are the prime factors of w?
3, 5, 199
Suppose 86 = -23*w + 408. Suppose -w*g + 1037 + 4213 = 0. What are the prime factors of g?
3, 5
Suppose -5*i - f = -11344, 5*i - 6*f - 11374 = -2*f. List the prime factors of i.
2, 5, 227
Suppose 0 = 242*k - 241*k - 4. Suppose 9*m - 7*m = k, 0 = x - 4*m - 568. List the prime factors of x.
2, 3
Let k(u) = -u**3 + 10*u**2 + 20*u - 10. Let w be k(10). Suppose w + 4014 = 4*a. What are the prime factors of a?
1051
Let u = -118 + 125. Suppose 3*f = -b - 3*b - 13, -2*f = b + u. What are the prime factors of (-7368)/(-27) - 3 - b/9?
2, 3, 5
Let z = 473 + -468. Suppose z*k - 3*h - 5769 = 2819, 5*h = -5*k + 8580. What are the prime factors of k?
17, 101
Let d(r) be the second derivative of r**3/2 - r**2 - 21*r. Let o be d(1). Let m(f) = 119*f**3 - 2*f + 1. What are the prime factors of m(o)?
2, 59
Suppose 13*h - 5*y = 11*h + 11734, -5*h - 2*y = -29277. List the prime factors of h.
5857
List the prime factors of 41973 - 33*(-12)/(-66).
3, 4663
Suppose 59 = -4*m - 25. Let b(x) = 14*x**2 + 572*x - 4. Let t be b(-41). Let v = t + m. What are the prime factors of v?
3, 19
Let z = 259 + -253. What are the prime factors of 331 + -1 + 19/((-38)/z)?
3, 109
Suppose -5*w - 5 = -35, -2*w - 15064 = -4*f. List the prime factors of f.
3769
Suppose 13*c = 75 + 55. Let d be 12/c*30/18. Let n(m) = 41*m + 2. What are the prime factors of n(d)?
2, 3, 7
Let o(k) = 0*k - 7*k + 3*k - 9*k - 49. What are the prime factors of o(-22)?
3, 79
Suppose -q - 4*f = 2*q + 2737, 4*f + 16 = 0. Let b = -301 - q. What are the prime factors of b?
2, 3, 101
Let r(l) = 1504*l**2 + 20*l - 12. Let p(f) = 602*f**2 + 8*f - 5. Let j(a) = -12*p(a) + 5*r(a). What are the prime factors of j(-1)?
2, 73
Let d be 0/(180/54*(-6)/(-5)). Suppose q + q + 3*t - 499 = d, -3*t - 9 = 0. What are the prime factors of q?
2, 127
Suppose 0 = -5*s - m + 15, -3*m - 6 = 3*s - 27. Suppose 3*q - 4529 = -4*w, -w = -s*q - 3*q - 1138. What are the prime factors of w?
11, 103
Let q = -63312 - -91398. List the prime factors of q.
2, 3, 31, 151
Suppose 0 = -36*y + 6*y + 90. Let w(h) = 223*h + 8. What are the prime factors of w(y)?
677
Let o = -9 - -4. Let c = 380 + -350. List the prime factors of ((-204)/c)/(2/o).
17
Let k(v) = v**2 + 18*v + 25. Let p be k(-17). What are the prime factors of (250/p)/(((-27)/(-12))/9)?
5
List the prime factors of (-27574)/(-4) + (24/16 - 6).
83
Suppose -33*x - 26974 = 91*x - 137954. What are the prime factors of x?
5, 179
Let h be ((-540)/42)/((-1)/7). Let i be (-2 - (-16)/6)*h/12. Suppose -b - 3*d + 38 = 0, 2*b + i*d = 5*b - 86. List the prime factors of b.
2
Let d = -22 + 24. Let t(p) = 2*p**3 - 3*p**2 + 2. Let x be t(d). Suppose -x*r + 174 = -4*r. List the prime factors of r.
3, 29
Let p be (-45)/75 - (-4606)/10. Let a = p - 183. List the prime factors of a.
277
Suppose 0 = -4*c + 2922 - 470. Suppose -2*k = 5*a - 972, -4*k = 2*a - 1315 - c. List the prime factors of k.
13, 37
Suppose 20*l + 29*l + 61054 = 0. Let z = l + 2257. List the prime factors of z.
3, 337
Let y = -6584 - -17350. List the prime factors of y.
2, 7, 769
Suppose 85*g + 59*g - 1719963 = 121*g. List the prime factors of g.
3, 7, 1187
Let k(q) = q**2 + q - 7. Let i be k(-5). Let v(m) = 2 - 35*m + 11*m + 18 + i*m. List the prime factors of v(-11).
3, 47
What are the prime factors of (-98)/(-7)*(15 - -476)?
2, 7, 491
Let u(k) = 46*k**2 + 56*k - 6. List the prime factors of u(-5).
2, 3
What are the prime factors of (-4)/((290/5940)/(-29))?
2, 3, 11
What are the prime factors of 29013 - -33 - 5/(-1) - 15/5?
2, 3631
Suppose z - 35 + 3 = 3*y, y - 5*z + 6 = 0. Let j(t) = t**2 + 11*t - 12. Let l be j(y). Let c = l - -78. List the prime factors of c.
2, 3, 11
Let f be 4 - -20 - (-2 + 5). Let b be (6 - 108/f)/(3/14). Suppose 4*t = b*k + 152, -22 = -t + k - 4*k. List the prime factors of t.
2, 17
Suppose 4*l + 232 = 2*w, 0 = -w - 3*w. Let z = l + 34. What are the prime factors of (z/(-10))/(-6)*-210?
2, 3, 7
Suppose 7*l - 288 = 3*l. Let d = 75 - l. Suppose -67 - 107 = -d*r. What are the prime factors of r?
2, 29
Let r = -324 + 753. Let k = -94 + r. List the prime factors of k.
5, 67
Let d(r) = 157*r - 67. Suppose 3*l - 4*m - 1 = 0, -6 = -3*l + 3*m - 3. List the prime factors of d(l).
2, 101
Let a(p) = -4*p**2 + 5*p - 6. Let q be a(2). Let m be 0 - (-6)/(q/(-14)). List the prime factors of 65/4*(m + 1).
2, 5, 13
Let a = 2815 - 1147. Suppose 2*c = 3*o + 829, 0*c - 4*o + a = 4*c. List the pr